ime?
True
Is 3437933417 a composite number?
False
Is 48501330653 a composite number?
False
Is 122134169 a composite number?
False
Is 143208830873 a prime number?
False
Is 158275057099 composite?
False
Is 138606893 prime?
True
Is 8419653301 prime?
True
Is 1221745951 prime?
True
Is 250355303 composite?
True
Is 2672305661 composite?
True
Is 7574801261 composite?
False
Is 1616039101 a composite number?
True
Is 294705641 composite?
False
Is 444889703 a composite number?
False
Is 443886307 a composite number?
True
Is 51933691959 prime?
False
Is 9447452953 a composite number?
False
Is 1402616317 prime?
False
Is 552103999 a prime number?
False
Is 7055135117 prime?
True
Is 1963426093 a prime number?
False
Is 13098367031 a composite number?
True
Is 7677626101 composite?
False
Is 16225511717 a prime number?
False
Is 1149121049 composite?
False
Is 5961202211 prime?
True
Is 17878781213 a composite number?
True
Is 1558052813 composite?
False
Is 46139773 composite?
True
Is 41051392001 a prime number?
False
Is 37269215989 prime?
True
Is 4239653779 a composite number?
True
Is 929794589 a prime number?
True
Is 2145957731 a prime number?
True
Is 13932780599 prime?
True
Is 5350098647 a prime number?
False
Is 13073631287 a prime number?
False
Is 686461463 prime?
False
Is 9766966513 prime?
True
Is 20463490351 composite?
False
Is 1653115229 composite?
False
Is 2643238201 composite?
False
Is 4317667411 prime?
True
Is 140451157523 prime?
False
Is 13404817079 prime?
True
Is 90694752097 prime?
True
Is 95430991 prime?
False
Is 242076139 composite?
False
Is 1643236459 a prime number?
False
Is 58800602557 a composite number?
False
Is 7623377039 a composite number?
True
Is 1424321287 prime?
True
Is 1702042183 a prime number?
True
Is 434304707 a composite number?
False
Is 96040291 composite?
True
Is 2163491279 prime?
True
Is 887386007 composite?
False
Is 1645075343 prime?
False
Is 18946818091 composite?
True
Is 4141115483 a composite number?
True
Is 5828238977 composite?
True
Is 35353335959 composite?
False
Is 20599009727 prime?
True
Is 40407741415 a prime number?
False
Is 11227644119 a composite number?
False
Is 678330283 a prime number?
False
Is 48711783859 composite?
True
Is 7551325367 a composite number?
False
Is 74980769869 a prime number?
True
Is 2756034097 prime?
False
Is 74952830651 a prime number?
True
Is 218165197 a composite number?
True
Is 12110538989 composite?
False
Is 2625357901 prime?
False
Is 51204989651 a composite number?
True
Is 3640683223 a prime number?
False
Is 246136948477 composite?
True
Is 1172796517 composite?
True
Is 2184427337 a composite number?
False
Is 126276229 a composite number?
False
Is 13947638317 a composite number?
False
Is 26238797 prime?
False
Is 60190475321 composite?
False
Is 7516191369 a prime number?
False
Is 42364708907 prime?
False
Is 359223391 a prime number?
True
Is 47650573063 a composite number?
False
Is 316764590147 a composite number?
False
Is 94863838727 composite?
True
Is 4137538687 prime?
True
Is 1351854653 composite?
True
Is 114355121 a prime number?
False
Is 53988081607 composite?
True
Is 1699663627 a prime number?
False
Is 8355107473 a composite number?
False
Is 3307166461 a composite number?
False
Is 8011417801 a composite number?
False
Is 3097492691 a prime number?
True
Is 2667970447 composite?
True
Is 159104659 composite?
True
Is 18400891883 composite?
True
Is 2398586677 a prime number?
True
Is 427304494 a prime number?
False
Is 10289153417 prime?
True
Is 1045537601 a prime number?
False
Is 230662031 composite?
True
Is 16629174911 a composite number?
False
Is 8205682663 a prime number?
True
Is 128655259 a prime number?
True
Is 40484111 a prime number?
True
Is 909584009 prime?
False
Is 8637449959 prime?
False
Is 38345966293 composite?
True
Is 13789375163 a prime number?
True
Is 161207309 a prime number?
True
Is 869446121 a composite number?
True
Is 2482224827 a composite number?
False
Is 13117099831 composite?
True
Is 26661986687 prime?
False
Is 24645057043 a prime number?
True
Is 3880015801 a prime number?
False
Is 87037208383 a prime number?
False
Is 2357125319 prime?
True
Is 4614362279 a composite number?
False
Is 1785509111 a composite number?
True
Is 307709377826 a prime number?
False
Is 6698848901 composite?
False
Is 2130113693 a prime number?
False
Is 953532407 a prime number?
False
Is 7979664611 a prime number?
False
Is 3216283891 a composite number?
False
Is 977339101 prime?
True
Is 1518028781 composite?
False
Is 586859033 composite?
False
Is 3297398119 prime?
False
Is 3084881551 a prime number?
True
Is 473641099 prime?
True
Is 4892255519 a prime number?
False
Is 218965199 prime?
False
Is 5421374371 prime?
False
Is 599716291 a prime number?
False
Is 9398559593 a prime number?
False
Is 244866059 a prime number?
False
Is 3914886509 composite?
False
Is 81706451 prime?
False
Is 958440419 prime?
False
Is 6795510967 composite?
True
Is 18860250739 a composite number?
True
Is 632833759 composite?
False
Is 5096880197 prime?
True
Is 2279410313 prime?
True
Is 10503520877 a composite number?
False
Is 129632700937 prime?
False
Is 69922469 a composite number?
False
Is 1695758663 a composite number?
True
Is 1524069137 a prime number?
True
Is 54144531029 a composite number?
True
Is 1047558431 a composite number?
True
Is 1377608335 prime?
False
Is 404564389 a composite number?
True
Is 23862883273 a prime number?
True
Is 11562772765 a composite number?
True
Is 20967513773 a composite number?
False
Is 17974034389 prime?
False
Is 106198319 composite?
True
Is 185555501 a composite number?
True
Is 629636159 a composite number?
False
Is 322658879 a composite number?
True
Is 362915347 prime?
True
Is 49809493537 a prime number?
True
Is 3628637219 composite?
False
Is 87995791841 a composite number?
True
Is 3190927237 prime?
True
Is 9258750763 composite?
True
Is 2567253119 a composite number?
True
Is 24746783227 prime?
False
Is 752334391 a prime number?
False
Is 438252851 a prime number?
True
Is 5646773389 composite?
True
Is 59332486637 a composite number?
True
Is 14527030589 composite?
False
Is 48699007303 composite?
False
Is 4850637409 prime?
True
Is 34794498703 prime?
False
Is 12515306389 prime?
True
Is 8482516249 a composite number?
True
Is 244659407 composite?
False
Is 1826940007 a composite number?
False
Is 939725947 composite?
True
Is 1114807109 composite?
True
Is 96929423 prime?
False
Is 94027781 a prime number?
True
Is 17630503129 composite?
False
Is 977359085 prime?
False
Is 408983011 a prime number?
False
Is 2688558773 a prime number?
True
Is 1456316007 composite?
True
Is 10237112269 a composite number?
True
Is 243834083 a composite number?
False
Is 1313529647 prime?
True
Is 170139407 composite?
False
Is 1207631263 prime?
True
Is 2855341813 a composite number?
True
Is 1605835795 prime?
False
Is 19117529 composite?
False
Is 14125495541 a prime number?
True
Is 1284481703 a composite number?
False
Is 963318703 a prime number?
False
Is 1019710561 prime?
True
Is 9562900315 a prime number?
False
Is 198555362 a prime number?
False
Is 11936195746 prime?
False
Is 19577849521 a composite number?
True
Is 186730147 composite?
True
Is 21184807713 a prime number?
False
Is 239171568767 a composite number?
True
Is 21043306727 composite?
False
Is 275002657 a composite number?
False
Is 8035543817 prime?
False
Is 4247897413 composite?
False
Is 553181153 a prime number?
False
Is 53144873021 a prime number?
True
Is 47844463 prime?
True
Is 64750548361 a prime number?
True
Is 87721236047 prime?
False
Is 1856595851 composite?
True
Is 8711586557 composite?
False
Is 1104514387 a prime number?
False
Is 5069092867 composite?
False
Is 669275861 composite?
False
Is 8562603587 prime?
False
Is 1891049543 prime?
True
Is 76911581287 a composite number?
False
Is 14597795341 prime?
True
Is 20281051871 a prime number?
True
Is 1532823883 a prime number?
True
Is 5514411593 a prime number?
False
Is 8373157439 a composite number?
True
Is 8973101 a composite number?
False
Is 1273073803 a prime number?
True
Is 1410092269 a prime number?
True
Is 778234841 a composite number?
True
Is 1943566661 a composite number?
False
Is 21238706767 a composite number?
True
Is 20731966303 prime?
False
Is 1825784237 composite?
True
Is 226426957 prime?
False
Is 2890929 prime?
F